{"id":137,"date":"2022-09-22T09:30:51","date_gmt":"2022-09-22T09:30:51","guid":{"rendered":"https:\/\/www.machine-cultures.net\/?page_id=137"},"modified":"2022-10-04T13:49:59","modified_gmt":"2022-10-04T13:49:59","slug":"was-posten-wir-hier","status":"publish","type":"page","link":"https:\/\/www.machine-cultures.net\/?page_id=137","title":{"rendered":"Was posten wir hier?"},"content":{"rendered":"<h6>Kurze Antwort: Was wir wollen!<\/h6>\n<p>L\u00e4ngere Antwort: Was wir wollen, solange es nat\u00fcrlich irgendwie mit unserem Seminarthema zusammenh\u00e4ngt; alte und neue Technik, Schrift, Schreiben, Hands-On-Research, Text(e), Keilschrift, Tastaturen, Computer, Tablets, M\u00e4use, Ideen, Maschinen, &#8230;<\/p>\n<h6>*Wie* posten wir hier?<\/h6>\n<p>Wenn ihr euch registriert und mir eine Email schreibt (maaike.kellenberger@uzh.ch), \u00e4ndere ich eure &#8222;Benutzerrolle&#8220; asap, sodass ihr nicht nur kommentieren, sondern nat\u00fcrlich auch selbst Beitr\u00e4ge posten k\u00f6nnt.<\/p>\n<p>Die Erstellung eines Beitrags (bitte &#8222;Beitr\u00e4ge&#8220; erstellen, nicht &#8222;Seiten&#8220;) ist m. E. relativ selbsterkl\u00e4rend, und ihr d\u00fcrft auch einfach mal ausprobieren und ein Test-Beitrag posten, da geht ja nichts kaputt. Sobald ihr registriert und angemeldet seid, seht ihr oben in der Leiste &#8222;+ Neu&#8220; \u2013 da &#8222;Beitrag&#8220; w\u00e4hlen und schon geht&#8217;s los. Bei der Erstellung eines Beitrags kann man unten rechts das &#8222;Beitragsbild&#8220; einf\u00fcgen, also das Bild, was auf der Homepage sichtbar sein wird und auch ganz oben im Beitrag selbst erscheint.<\/p>\n<p>Im <a href=\"https:\/\/www.machine-cultures.net\/?forum=seminarforum\">Forum<\/a> diskutieren wir formlos drauf los. \u00dcber Texte, Ideen, Theorien, irgendwelche Fragen oder Geistesblitze. Nichts muss. Fast alles kann.<\/p>\n<h6>Was geschieht mit dieser Website nach dem Seminar?<\/h6>\n<p>Sie soll online bleiben. Genaueres wissen wir auch noch nicht; vielleicht k\u00f6nnten wir aus den Beitr\u00e4gen und Maschinen eine Ausstellung bauen? Vielleicht lassen wir die Website weiterwachsen? Vielleicht gibt es wieder einmal so ein Seminar, wo sich die Studis dann wiederum an den Beitr\u00e4gen freuen k\u00f6nnen? Hmm. Eingebungen hierzu gern im <a href=\"https:\/\/www.machine-cultures.net\/?topic=ideen-fuer-website-nach-dem-seminar\">Forum<\/a> teilen!<\/p>\n<p><img decoding=\"async\" loading=\"lazy\" class=\"aligncenter wp-image-140 size-full\" src=\"https:\/\/www.machine-cultures.net\/wp-content\/uploads\/2022\/09\/83279159.jpg\" alt=\"\" width=\"600\" height=\"842\" srcset=\"https:\/\/www.machine-cultures.net\/wp-content\/uploads\/2022\/09\/83279159.jpg 600w, https:\/\/www.machine-cultures.net\/wp-content\/uploads\/2022\/09\/83279159-214x300.jpg 214w, https:\/\/www.machine-cultures.net\/wp-content\/uploads\/2022\/09\/83279159-400x561.jpg 400w\" sizes=\"(max-width: 600px) 100vw, 600px\" \/><\/p>\n<p>Bild: <a href=\"https:\/\/gaming.ebaumsworld.com\/pictures\/30-great-vintage-computer-ads\/83279155\/\">Quelle<\/a><\/p>\n","protected":false},"excerpt":{"rendered":"<p>Kurze Antwort: Was wir wollen! L\u00e4ngere Antwort: Was wir wollen, solange es nat\u00fcrlich irgendwie mit unserem Seminarthema zusammenh\u00e4ngt; alte und neue Technik, Schrift, Schreiben, Hands-On-Research, Text(e), Keilschrift, Tastaturen, Computer, Tablets, M\u00e4use, Ideen, Maschinen, &#8230; *Wie* posten wir hier? Wenn ihr euch registriert und mir eine Email schreibt (maaike.kellenberger@uzh.ch), \u00e4ndere ich eure &#8222;Benutzerrolle&#8220; asap, sodass ihr [&hellip;]<\/p>\n","protected":false},"author":2,"featured_media":0,"parent":0,"menu_order":0,"comment_status":"closed","ping_status":"closed","template":"","meta":{"_bbp_topic_count":0,"_bbp_reply_count":0,"_bbp_total_topic_count":0,"_bbp_total_reply_count":0,"_bbp_voice_count":0,"_bbp_anonymous_reply_count":0,"_bbp_topic_count_hidden":0,"_bbp_reply_count_hidden":0,"_bbp_forum_subforum_count":0},"_links":{"self":[{"href":"https:\/\/www.machine-cultures.net\/index.php?rest_route=\/wp\/v2\/pages\/137"}],"collection":[{"href":"https:\/\/www.machine-cultures.net\/index.php?rest_route=\/wp\/v2\/pages"}],"about":[{"href":"https:\/\/www.machine-cultures.net\/index.php?rest_route=\/wp\/v2\/types\/page"}],"author":[{"embeddable":true,"href":"https:\/\/www.machine-cultures.net\/index.php?rest_route=\/wp\/v2\/users\/2"}],"replies":[{"embeddable":true,"href":"https:\/\/www.machine-cultures.net\/index.php?rest_route=%2Fwp%2Fv2%2Fcomments&post=137"}],"version-history":[{"count":8,"href":"https:\/\/www.machine-cultures.net\/index.php?rest_route=\/wp\/v2\/pages\/137\/revisions"}],"predecessor-version":[{"id":179,"href":"https:\/\/www.machine-cultures.net\/index.php?rest_route=\/wp\/v2\/pages\/137\/revisions\/179"}],"wp:attachment":[{"href":"https:\/\/www.machine-cultures.net\/index.php?rest_route=%2Fwp%2Fv2%2Fmedia&parent=137"}],"curies":[{"name":"wp","href":"https:\/\/api.w.org\/{rel}","templated":true}]}}